025?
75
Calculate the greatest common divisor of 127125 and 2625.
375
Calculate the highest common factor of 4266 and 31392.
18
Calculate the greatest common divisor of 136 and 13237152.
136
What is the highest common divisor of 15 and 7815?
15
What is the greatest common divisor of 14123 and 1073?
29
Calculate the greatest common factor of 780700 and 100.
100
Calculate the greatest common factor of 31160 and 6916.
76
Calculate the greatest common factor of 395856 and 336.
48
What is the highest common divisor of 288 and 6894?
18
What is the greatest common divisor of 16597 and 7?
7
What is the highest common divisor of 68 and 44896?
4
Calculate the highest common divisor of 663 and 92616.
51
What is the highest common divisor of 31 and 5696343?
31
What is the highest common factor of 354 and 860397?
177
Calculate the greatest common divisor of 186 and 3254442.
186
Calculate the highest common factor of 3180 and 3540.
60
Calculate the highest common divisor of 111137 and 415.
83
What is the highest common divisor of 908700 and 156?
156
What is the highest common divisor of 115304 and 182?
14
What is the greatest common factor of 525 and 3840?
15
Calculate the greatest common factor of 3995 and 26931.
47
What is the highest common divisor of 68 and 1027582?
34
What is the greatest common divisor of 1736 and 1359071?
217
What is the greatest common factor of 464078 and 188?
94
What is the highest common divisor of 956 and 19359?
239
Calculate the greatest common divisor of 364 and 7540.
52
Calculate the greatest common factor of 71 and 173027.
71
Calculate the greatest common factor of 16 and 19752.
8
What is the highest common factor of 1603 and 55647?
229
What is the highest common divisor of 24096 and 3600?
48
What is the greatest common divisor of 16872 and 148?
148
What is the highest common factor of 384 and 48?
48
What is the highest common divisor of 288 and 5390064?
144
What is the highest common divisor of 60900 and 300?
300
Calculate the highest common divisor of 476 and 24514.
238
Calculate the greatest common factor of 2 and 2719.
1
Calculate the greatest common divisor of 8027 and 5235.
349
Calculate the greatest common factor of 35920 and 560.
80
What is the highest common factor of 4941 and 16043?
61
Calculate the highest common factor of 200 and 272060.
20
What is the greatest common factor of 776 and 1053420?
388
Calculate the greatest common factor of 2098413 and 135.
27
What is the greatest common factor of 860 and 6445?
5
What is the highest common divisor of 93132 and 1872?
468
Calculate the highest common factor of 3538 and 14762.
122
Calculate the highest common divisor of 7536 and 167205.
471
What is the greatest common divisor of 5 and 6716555?
5
What is the highest common divisor of 255492 and 564?
564
What is the highest common divisor of 78168 and 216?
24
What is the greatest common divisor of 2203467 and 84?
21
What is the highest common divisor of 89497 and 31?
31
Calculate the greatest common divisor of 4048 and 29381.
11
Calculate the greatest common divisor of 250 and 586750.
250
What is the highest common divisor of 81 and 150597?
9
What is the greatest common factor of 195 and 151190?
65
What is the greatest common factor of 219790 and 124?
62
Calculate the greatest common factor of 59 and 245381.
59
Calculate the highest common divisor of 214 and 120803.
107
Calculate the greatest common factor of 1180 and 940.
20
Calculate the greatest common divisor of 136229 and 92.
23
Calculate the greatest common factor of 14167 and 22393.
457
Calculate the greatest common divisor of 4154 and 1674.
62
What is the highest common divisor of 14875 and 237125?
875
Calculate the greatest common factor of 6239 and 323.
17
Calculate the highest common factor of 134666 and 658.
14
What is the highest common divisor of 339112 and 304?
152
Calculate the highest common divisor of 1504183 and 43.
43
Calculate the highest common divisor of 2754 and 441.
9
Calculate the greatest common factor of 765 and 24191.
17
What is the greatest common divisor of 22371 and 30?
3
What is the highest common divisor of 396 and 2623896?
396
What is the highest common factor of 5915 and 2737?
7
What is the greatest common factor of 47900 and 380?
20
Calculate the greatest common factor of 78581 and 2195.
439
Calculate the highest common divisor of 366792 and 651.
93
Calculate the highest common factor of 145204 and 558.
62
Calculate the highest common factor of 248098 and 34.
34
What is the greatest common factor of 164 and 111151?
41
Calculate the greatest common divisor of 944 and 649000.
472
Calculate the highest common divisor of 2686609 and 291.
97
Calculate the highest common divisor of 13925 and 550.
25
What is the highest common factor of 5060 and 1334?
46
Calculate the highest common divisor of 160479 and 72.
9
What is the greatest common factor of 220 and 12?
4
What is the greatest common factor of 21 and 2193639?
21
What is the highest common factor of 651 and 13?
1
Calculate the highest common divisor of 67596 and 305472.
516
Calculate the highest common factor of 84260 and 1980.
220
Calculate the greatest common divisor of 12448 and 68.
4
Calculate the greatest common factor of 217 and 10367609.
217
What is the greatest common divisor of 496 and 112?
16
What is the highest common factor of 28 and 950957?
7
What is the greatest common factor of 1155 and 45870?
165
What is the greatest common divisor of 145188 and 18648?
1332
What is the highest common divisor of 277645 and 10?
5
What is the greatest common factor of 101558 and 206?
206
Calculate the greatest common factor of 91 and 377.
13
What is the highest common divisor of 69 and 37789?
23
What is the highest common factor of 221 and 97487?
13
Calculate the greatest common factor of 412132 and 448.
28
What is the highest common factor of 3 and 5739?
3
What is the highest common factor of 16070094 and 18?
18
Calculate the highest common factor of 13267434 and 114.
114
Calculate the greatest common divisor of 5 and 4190.
5
Calculate the highest common divisor of 112 and 26684.
28
Calculate the greatest common factor of 318 and 60738.
318
What is the greatest common divisor of 30 and 1185490?
10
What is the highest common factor of 47295 and 40?
5
Calculate the highest common divisor of 609615 and 513.
171
Calculate the greatest common factor of 129191 and 161.
23
Calculate the greatest common factor of 6660787 and 8785.
1757
Calculate the greatest common factor of 1375 and 2575.
25
Calculate the highest common factor of 30142 and 826.
14
Calculate the highest common divisor of 10 and 690110.
10
Calculate the highest common divisor of 73 and 2344103.
73
Calculate the highest common divisor of 9891 and 2853.
9
Calculate the highest common divisor of 16892 and 1312.
164
Calculate the highest common factor of 59212 and 8588.
452
Calculate the highest common divisor of 16 and 60464.
16
What is the greatest common factor of 476 and 3400?
68
Calculate the greatest common divisor of 497353 and 419.
419
What is the highest common factor of 1534 and 3276?
26
Calculate the greatest common divisor of 3784 and 616.
88
Calculate the highest common divisor of 1579554 and 54.
54
What is the greatest common divisor of 404 and 1437836?
404
What is the greatest common divisor of 162 and 305289?
81
Calculate the greatest common divisor of 16555 and 1075.
215
Calculate the highest common divisor of 11536289 and 586.
293
What is the highest common factor of 37 and 39257?
37
What is the greatest common factor of 5702069 and 1373?
1373
What is the highest common divisor of 1900 and 48925?
475
Calculate the highest common divisor of 96 and 1238.
2
What is the highest common divisor of 1122 and 3234?
66
Calculate the greatest common factor of 12626 and 3304.
118
Calculate the highest common divisor of 12 and 134292.
12
What is the highest common divisor of 31 and 5076901?
31
What is the greatest common divisor of 19675 and 40?
5
What is the highest common factor of 373811 and 37?
37
What is the highest common divisor of 7035 and 5740?
35
What is the highest common divisor of 115 and 6785?
115
What is the highest common factor of 9940 and 21?
7
Calculate the greatest common factor of 268 and 92527.
67
Calcula